*c + 83*c - 2555797 = -60*c. List the prime factors of c.
17, 1009
Suppose 4 = -r - 2*q + 16, -28 = -2*r - 5*q. Suppose -p + 3*j = 12, 3*p + 1 + 30 = r*j. Let y(z) = -4*z + 25. List the prime factors of y(p).
61
Let j = 11258 - 5488. What are the prime factors of j?
2, 5, 577
Suppose -p = 2*f - 470, 4*p - 710 = -0*f - 3*f. Suppose 0 = 9*i - 15*i + f. Suppose 443 = 4*v - 5*w, 75 + i = v + 2*w. What are the prime factors of v?
2, 7
List the prime factors of 6/(54/(-9)) + (-3 - -12399).
5, 37, 67
Suppose 3*r + 3*s + 6 = 0, -r + 15 - 5 = -2*s. Let j be (r/(-5))/((-7)/210). Suppose j*p = 11*p + 77. What are the prime factors of p?
7, 11
Suppose 2 = 2*x, -5*h + 15*x - 20*x = -870. Suppose h*i = 168*i + 90. What are the prime factors of i?
2, 3
List the prime factors of 6/18 + ((-30688)/3)/(-2).
3, 5, 11, 31
Suppose -r = -3*r - 58. Let m = r - -29. Suppose u - 106 + 41 = m. What are the prime factors of u?
5, 13
Let j(w) = w**2 - 6*w - 14. Let c be 6/(-9)*18*10/(-15). Let x be j(c). Suppose x*g = -4*f + 5*g + 495, -5*f + 605 = -g. What are the prime factors of f?
2, 3, 5
Suppose 5*t + 3*n = 40128 + 57419, -3*t = -n - 58545. List the prime factors of t.
13, 19, 79
Let o = -6236 + 15112. What are the prime factors of o?
2, 7, 317
Let o(p) = -p**3 - p**2 + 8*p + 5. Suppose 5*i + 24 - 9 = 0. Let t be o(i). What are the prime factors of 9/((-18)/(-28)) - (t - 1)?
2
Suppose -2*p + 150 - 146 = 0. Suppose -5*v + 3*t = -445, p*t + 129 = 2*v - 53. What are the prime factors of v?
2, 43
Suppose 3*u - 8 = -23, 2*l + 5*u + 207 = 0. Let w = -40 - l. Let q = -9 + w. List the prime factors of q.
2, 3, 7
Suppose 4*f = -6 + 30. Let g = -3990 + 4021. Suppose g = -f*u + 145. What are the prime factors of u?
19
Let k(p) = -7*p + 1. Let x be k(-2). Let i(r) be the second derivative of r**5/20 - r**4 - 6*r**3 - 13*r**2/2 - 117*r. What are the prime factors of i(x)?
2, 61
Suppose 2*b = -2*g + 18126, 7 = -2*g + 7. What are the prime factors of b?
3, 19, 53
Suppose 645 = 3*f - 3*g - 8925, 3202 = f - 4*g. List the prime factors of f/36*16/6.
2, 59
Suppose 2*a + 3*h = 10884, -27215 = -5*a + 10*h - 15*h. What are the prime factors of a?
3, 5, 11
Let y(v) = -v - 1. Let w(r) = 8*r**2 - 6*r - 1. Let z(p) = w(p) + 6*y(p). What are the prime factors of z(7)?
7, 43
Let r be -6 - (-5 - (-1 - -4)). What are the prime factors of ((-27)/18 + 2/r)*-1932?
2, 3, 7, 23
Suppose 21*i + 3358033 = 85*i + 400017. List the prime factors of i.
46219
Suppose -31 = -259*t + 275*t + 17. Let p(r) = -1347*r. Let b be p(1). List the prime factors of 2/t - (b/9 - -2).
3, 7
Let z(u) = -478*u**3 + 80*u**2 - 7*u - 4. What are the prime factors of z(-4)?
2, 3, 443
Let l(r) = -36 + r**3 - r + 13*r**2 - 10*r - 9*r. Let w be (-2)/(-14) - ((-2 - (-60)/28) + 13). What are the prime factors of l(w)?
2, 7
Let j(x) be the first derivative of 287*x**2/2 + 36*x - 171. What are the prime factors of j(4)?
2, 37
Let a = 15577 + -9660. List the prime factors of a.
61, 97
Let k be 3059/(-35) - (-2)/5. Let f = -68 - k. Suppose -f = -q + 2*r, -5*q + 10 = 4*r - 29. What are the prime factors of q?
11
Let a = 73 + -63. List the prime factors of 10/15*3015/a.
3, 67
Let r = 7302 - 2354. What are the prime factors of r?
2, 1237
Let s be 3465/10 - 1/(2*-1). Let j = -6 + 10. Suppose j*o - 293 - s = 0. List the prime factors of o.
2, 5
Let h(x) = 540*x - 180. List the prime factors of h(77).
2, 3, 5, 23
Let g = -4 - -6. Suppose -2*w = -t - 10 - 1, 0 = -3*w + 2*t + 14. List the prime factors of (-681)/(-12) + g/w.
3, 19
Let y = 115421 + -53822. List the prime factors of y.
3, 20533
List the prime factors of (-735)/(-35)*(-69670)/(-35).
2, 3, 6967
Let o = 29 + -16. Suppose -p = 3*u - 15, 0 = 5*p + 2 + o. What are the prime factors of 141*(-4)/u*10/(-20)?
47
Let a(h) = 19*h**2 - 34*h + 7. List the prime factors of a(14).
3, 5, 7, 31
Let c(k) = -101*k - 72. Let u(d) = -41*d + 233. Let a be u(6). List the prime factors of c(a).
17, 73
What are the prime factors of 15/65 + (-90714)/(-169) + 7?
2, 17
Let v = -11935 - -36602. What are the prime factors of v?
17, 1451
Suppose 14*u = 184 + 1300. List the prime factors of u.
2, 53
Let g = 342 + -335. Suppose i - 1309 = -4*s, -5*i + 6530 = 12*s - g*s. List the prime factors of i.
3, 5, 29
Let q be -2 + (8 - 3) - 16. Let l(s) = -102*s + 139. What are the prime factors of l(q)?
5, 293
Let m(f) = 6021*f + 1072. What are the prime factors of m(5)?
31177
Let w(h) = -h**3 - 24*h**2 - 18*h + 437. What are the prime factors of w(-33)?
2, 677
Let s(t) = -72*t + 30. Let o be s(10). What are the prime factors of (-4)/6*(o + 0/7)?
2, 5, 23
Suppose 31*t = 26*t + 2*w + 112, -2*t - 4*w = -64. Suppose 0 = t*k - 22*k - 1090. List the prime factors of k.
5, 109
Let h be -4 + (-10)/25*5. Let c(s) = -94*s + 1. List the prime factors of c(h).
5, 113
Let f(p) = -p**2 - 25*p + 86. Let y be f(-28). Suppose -2*i + 5 = -3, 0 = 5*w + y*i - 1138. List the prime factors of w.
2, 113
Suppose 0 = 2*x + x - 315. Suppose 0 = -143*u - 1117 + 1832. Suppose 7*i - r - x = 2*i, -2*r + 120 = u*i. List the prime factors of i.
2, 11
Suppose -6*b - 76 = -88. Suppose 0 = -2*y, -b*y - y = 4*h - 796. What are the prime factors of h?
199
Let o(q) = q + 17. Let n be o(-10). List the prime factors of (-41)/287 + 1/n*2059.
2, 3, 7
Suppose -6*b - 19181 + 81789 = 46*b. List the prime factors of b.
2, 7, 43
Let c(n) = -7228*n**3 + 20*n + 35. What are the prime factors of c(-2)?
3, 19273
Let i = 18915 + -11775. Suppose -11*z = 9*z - i. What are the prime factors of z?
3, 7, 17
Suppose 36651 = 6*a - 5295. What are the prime factors of a?
6991
Let s be (2 - 3)/((-3)/(-18)). Let d be 0 - s - (3 + 1). Suppose d*l = -5*k + 69, 5*k = -2*l + 7*l - 120. List the prime factors of l.
3
Let u(p) = p**3 - 17*p**2 + 5*p - 25. Let n(f) = -4*f - 4. Let x be n(17). Let i = x - -89. What are the prime factors of u(i)?
2, 3, 5
Suppose -2*l + 2*f - 1156 = 0, 4*f + 2288 = -5*l + l. Suppose m + 0*m = t - 301, -3*m - 903 = 3*t. Let o = m - l. List the prime factors of o.
2, 137
Let u = 785 + -203. Suppose -2*q + 1152 = -5*q. Let l = q + u. List the prime factors of l.
2, 3, 11
Let n be ((-2360)/6)/((-1)/(-3)). List the prime factors of (n/15 + 2)*-6.
2, 5, 23
Suppose 3*m = -2*x - 43, -9*m = -3*x - 7*m - 45. Let s = 602 + x. What are the prime factors of s?
3, 5, 13
Suppose 715286 = 351*y - 325*y. List the prime factors of y.
11, 41, 61
Let k = -10 - 5. Let q be k*((-40)/(-15) + -3). Suppose 37 = t - q*n, 2*t - 2*n + n = 56. What are the prime factors of t?
3
Suppose -2*t + 5*t + 3 = 0. Let n(o) = 6 + 3*o + 2886*o**2 - 2879*o**2 - 4. List the prime factors of n(t).
2, 3
Let v be -4 + 1 - (-362 - (0 - 0)). Let i = v - 210. Suppose -2*a = i - 409. What are the prime factors of a?
2, 5, 13
Suppose -199 - 1236 = -7*f. Let b be 3*-1 - (7 + f). Let a = -103 - b. List the prime factors of a.
2, 7
Let r(d) = 3*d**3 - 7*d**2 - 5*d + 138. What are the prime factors of r(16)?
2, 3, 1759
Suppose 5*u = -5*u + 100. Let g(v) = v**2 - 15*v + 35. Let a be g(u). List the prime factors of 149 - 6/a*-5.
3, 7
Let l(k) be the second derivative of 23*k**5/120 + k**4/8 + 29*k**3/6 - 5*k. Let j(s) be the second derivative of l(s). List the prime factors of j(7).
2, 41
Suppose -8*o = -10*o + 10. Suppose 6*u - 2*u - o*h = -31, -3*u + 2*h = 18. What are the prime factors of (-1*(-213)/(-6))/(u/16)?
2, 71
What are the prime factors of 6573 - (30/25)/((-3)/30)?
3, 5, 439
Let f be (1 + -33 + -2)*((-66 - -4) + 26). Let d(g) = 7*g + 1. Let w be d(1). Suppose 280 - f = -w*h. What are the prime factors of h?
2, 59
Suppose 0 = -x + 62 + 42. Let f = x - -321. List the prime factors of f.
5, 17
Suppose k - 36 = -30. Let s be 0/(3/(k/(-4))). Suppose -4*o + 6*o - y = 213, -3*y - 15 = s. List the prime factors of o.
2, 13
Suppose 4*x = s + 15, 4*x + 2*s - 13 = 5*s. Suppose -x*k - 3*d + 639 = -291, -2*d - 689 = -3*k. List the prime factors of k.
3, 7, 11
Let x be 9/(-108)*-6 - (-9062)/4. Suppose -8*z + 8514 = x. List the prime factors of z.
11, 71
Suppose 112*k = 5*c + 107*k - 97180, -k = -2*c + 38871. What are the prime factors of c?
5, 13, 23
Let w(m) = -m**3 - 29*m**2 + 16*m + 85. Let k be 304/(-10) + (-94)/(-235). What are the prime factors of w(k)?
5, 101
Suppose -q = 4*q - 405. Suppose -q*b + 69*b = -